 0. What is the remainder when g is divided by f?
7
Suppose 15 = 7*p - 167. Calculate the remainder when 101 is divided by p.
23
Let x(u) = -u + 9. Let w be x(5). Suppose 2 = -z, -w*n - z = -2*n. Calculate the remainder when 1 is divided by n.
0
What is the remainder when 103 is divided by 4*8 + 4 + -1?
33
Let g = -15 + 9. Let n = 10 + g. Suppose -5*b - 11 = z, n*z - 4*b + 5*b = 32. Calculate the remainder when 26 is divided by z.
8
Let a = 128 + -67. What is the remainder when a is divided by 13?
9
Let m = -85 + 89. Calculate the remainder when m is divided by 5/3 - 1/(-3).
0
Let u(g) = 2*g**2 - 20*g + 7. Let z = 7 + -4. What is the remainder when u(10) is divided by z?
1
Suppose k + 5 = 2*k. What is the remainder when k is divided by 3?
2
Let r = -8 + -46. Calculate the remainder when 4/14 - 4150/(-175) is divided by ((-2)/(-6))/((-2)/r).
6
Let y(h) = -3*h - 37. What is the remainder when 50 is divided by y(-18)?
16
Let l be (2 + (-21)/12)*0. Suppose l = 3*u - 21 - 24. What is the remainder when u is divided by 9?
6
Suppose -79 = -5*y - 9. Calculate the remainder when 27 is divided by y.
13
Suppose -3*c - 24 = -3*s, c - 3 - 3 = -s. Let d(h) = h**2 + 9*h. Let y be d(-9). Suppose n + y*n - s = 0. What is the remainder when 19 is divided by n?
5
Suppose 3*y + 8 = 3*q - y, -q - 8 = 4*y. Suppose q = -0*a + 3*a - 42. Calculate the remainder when (-7)/(-14) + (-79)/(-2) is divided by a.
12
Suppose 328 = 3*q - 107. What is the remainder when q is divided by 49?
47
Let z(b) be the first derivative of b**2 + b + 10. What is the remainder when 43 is divided by z(5)?
10
Suppose -2*h - 4 = -x - 6*h, -x - h - 8 = 0. Let u = 21 - 39. Let z = x - u. What is the remainder when 15 is divided by z?
3
Let b = -40 - -56. Suppose -23*t + 224 = -15*t. What is the remainder when t is divided by b?
12
Let s = 25 + -17. What is the remainder when 21 is divided by s?
5
Let g = -6 + 64. Suppose -30 = p - 3*p + 5*n, -3*p = -n - g. Calculate the remainder when (0 - -1)*59*1 is divided by p.
19
Suppose -20 = -53*m + 51*m. What is the remainder when -1*17*1*-1 is divided by m?
7
Let c = 25 - 6. Suppose -2*r - 3*b = -1, 35 = 4*r - 2*b - 3*b. Let i = 15 - r. What is the remainder when c is divided by i?
9
Let a = 126 - 79. Suppose 5 = 2*p - a. Let r(x) = -5*x - 1. Calculate the remainder when p is divided by r(-3).
12
Let n(k) = k - 1. Let q be n(7). Suppose -5*w = -81 + q. Suppose -t = -w + 1. Calculate the remainder when t is divided by 8.
6
Suppose 2*m = -t + 59 + 45, 0 = -5*t - 5*m + 505. Calculate the remainder when t is divided by 26.
20
Let k be (-3 - -1*2)*-2. Suppose 0 = -2*g + 6 + k. Calculate the remainder when g is divided by (6/(-2) - -2)*-3.
1
Let w = 11 - 5. Calculate the remainder when 388/24 - 5/30 is divided by w.
4
Let u = 61 - 58. What is the remainder when u is divided by 3?
0
Let t(a) = 3*a + 8. Calculate the remainder when t(20) is divided by 10.
8
Let l be (-2)/(-1) + -10 + 2. Let j = 8 + l. Suppose 4*s - 3*n = j*n + 13, -2*s + 20 = 2*n. Calculate the remainder when 26 is divided by s.
5
Suppose -423 - 179 = -5*p + 2*d, 0 = 3*p - 5*d - 346. Calculate the remainder when p is divided by 41.
40
Suppose -141 = -3*o + 3*g, -4*o - 4*g + 296 - 68 = 0. Suppose -o = -l - 5*m - 19, m = l - 45. What is the remainder when l is divided by (-33)/3*4/(-2)?
21
Suppose 3*p + 3*x - 105 = 0, 7*p - 4*x = 4*p + 112. Suppose 0 = 3*f - 12, -4*g + f - 84 = -3*f. Let v = g + p. What is the remainder when v is divided by 10?
9
Let v be 3/12 - (-70)/8. Suppose -v = -5*h + 11. Let s(r) = -r**2 + 7*r - 6. What is the remainder when 11 is divided by s(h)?
5
Suppose -t + 27 - 6 = 0. What is the remainder when t is divided by 8?
5
Let b(i) = -7*i + 2*i + 1 + 4*i. Suppose 5*l = -5 - 5, 0 = 5*o - 3*l - 11. What is the remainder when o is divided by b(0)?
0
Let d = -9 + 22. Suppose 5*c = 5*t - 165, 0 = -4*t + t + c + 109. Calculate the remainder when t is divided by 1/(1/(d + 0)).
12
Let p(f) = f - 1. Let y(m) = -2*m + 1. Let k(q) = 7*p(q) + 5*y(q). Let n = 85 - 79. Calculate the remainder when k(-6) is divided by n.
4
Suppose -5*j = -3*n + 4*n - 226, 4*n + 16 = 0. Let x = -7 - -23. What is the remainder when j is divided by x?
14
Suppose -w + 16 = -2*m, 14 = 4*w - 4*m - 46. Let v = w - 5. Let i = -11 - -27. What is the remainder when i is divided by v?
7
Suppose -2*l + 2*t + 264 = 0, -4*l + 536 = -0*l + 4*t. Calculate the remainder when l is divided by 34.
31
Suppose 3*t - 205 = -p, 0 = -t - 0*t + 3*p + 65. What is the remainder when t is divided by 12?
8
Let j(d) = -28*d**3 - 4*d - 3. What is the remainder when j(-1) is divided by 12?
5
Let b(a) = 3*a. Suppose -h = -5*h + 16. Suppose 3*d - 4 = 98. What is the remainder when d is divided by b(h)?
10
Let q be (3 + 4*-1)*-5. Suppose 0*j - q*j + 85 = 0. What is the remainder when 49 is divided by j?
15
Suppose 4*z = 3*j - 110, 2*z + 250 - 48 = 5*j. What is the remainder when j is divided by 15?
12
Let w be (-1*(-4 - -1))/1. Suppose 17 = -w*c + 65. Let v(y) = y + 13. What is the remainder when c is divided by v(-7)?
4
Let w(r) = -7*r + 3. Let v be w(-3). Let q(k) = -k**3 - 2*k**2 + 3*k. Let f be q(-3). Suppose f*l - 2*l = -v. What is the remainder when 23 is divided by l?
11
Let d = 3 - -2. Let j = 12 - d. What is the remainder when 20 is divided by j?
6
Suppose -2*p - 3*p = c - 159, -3*p + 3*c + 99 = 0. Calculate the remainder when 126 is divided by p.
30
Let t(l) = 9*l**2 - 2*l - 2. Suppose -2*n + 4 = -0. Suppose -22 = -3*i - 4*j, 5*j + 1 = n*i - 6. Calculate the remainder when t(-1) is divided by i.
3
Let d(b) = 2*b**2 + 7*b + 4. Calculate the remainder when d(-7) is divided by (-2)/((1 - 0)/(-9)).
17
Suppose -3*x = -3*o + 36, x = 4*o - 15 - 27. Suppose 35 = -5*f + o. Let v(m) = -3*m - 4. What is the remainder when v(f) is divided by 4?
3
Suppose -q + 0 = -4. What is the remainder when (-1)/((-285)/(-72) - q) is divided by 9?
6
Suppose -z + 0 = -9. Let k = -2 + z. Suppose -2*i - 3 = -x, -2*x + 3*i + k = -1. Calculate the remainder when 20 is divided by x.
6
Suppose 5*l = -0*l - 20, -2*l + 122 = 5*v. What is the remainder when v is divided by 7?
5
Suppose -3*p + 3*w + 30 = 0, -1 + 11 = p - 4*w. Let y(i) = -i - 2. Let b be y(-6). Suppose -b*u + 74 = p. What is the remainder when u is divided by 9?
7
Suppose 0 = -6*d + 6 + 6. Calculate the remainder when 9 is divided by d.
1
Suppose -5*r + 4*w = -36, 2*r + 2*r + 3*w - 35 = 0. Calculate the remainder when 15 is divided by r.
7
Let h(a) = 5*a**2 + 4*a - 1. Calculate the remainder when (-978)/(-24) - 6/8 is divided by h(-2).
7
Let r(g) be the third derivative of g**4/24 - 5*g**3/6 - 3*g**2. Let j be r(7). Calculate the remainder when 26 is divided by -7*((-4)/j)/1.
12
Let l be (-1 - 1) + 0 + 2. Suppose 0 = h - 0*h - 15. Let g = h + l. What is the remainder when 28 is divided by g?
13
Let k(p) = -p**3 - 4*p**2 + 2*p + 4. Let a be k(-4). Let n be (10/a)/(4/(-24)). Let g = -4 + n. Calculate the remainder when 21 is divided by g.
10
Let j(d) = 2*d**2 - 4*d + 1. Let q(u) = -u**3 + 10*u**2 - 9*u + 4. Let l be q(9). Calculate the remainder when 66 is divided by j(l).
15
Let c(x) = 8*x + 6. Calculate the remainder when c(5) is divided by 25.
21
Calculate the remainder when 63 - ((-9)/3 + 7) is divided by 15.
14
Let o(p) = 3*p - 7. Suppose -2*s + 14 - 4 = 0. Let x be o(s). Let b = x + -5. Calculate the remainder when 8 is divided by b.
2
Suppose 12 = -4*m, -4*m = 3*r - 3*m + 3. Suppose r = 2*l + 2, -4*l - 25 = -j - 0*j. Calculate the remainder when 61 is divided by j.
19
Let d = -51 + 105. What is the remainder when d is divided by 19?
16
Let w(n) = n**2 - 2*n. Calculate the remainder when w(3) is divided by 1.
0
Suppose 3*y = 72 + 24. Let j = -5 + 7. Suppose 2*a - 37 = 3*d, 3*d = d - j. Calculate the remainder when y is divided by a.
15
Let n = -11 + 19. Let f = -9 + 32. Calculate the remainder when f is divided by n.
7
Let g = -78 + 143. What is the remainder when g is divided by 17?
14
Let z(u) = -u**2 - 10*u + 4. Let q be z(-10). Suppose 3*f - 26 = q. What is the remainder when 18 is divided by f?
8
Suppose 0 - 3 = 3*j. Let y(i) = 5*i**2 - i - 1. Let o be y(j). Suppose -3*d - q = -6*d + 37, 4*q = o*d - 71. Calculate the remainder when 21 is divided by d.
10
Let q(s) = -21*s + 3. What is the 